. Let g(a) = -76*a**2 - 28*a + 20. Let b(l) = -g(l) + j(l). Is b(-12) a prime number?
True
Let x(b) = 634*b - 7. Let n be x(7). Let l(s) = s**3 + 19*s + 2. Let y be l(0). Suppose -2*a = c + 2*a - n, y*c + 5*a = 8865. Is c a composite number?
True
Is 5854530/99 + 3 + (-8)/(-6) composite?
False
Let u be (-6)/(-21) + 108/14. Let d(g) = 139*g + 24. Let o be d(u). Suppose -387 = -h - w - w, 3*h = -w + o. Is h composite?
True
Let m(q) = 14376*q + 189. Is m(4) prime?
False
Let v(z) = z**3 + 10*z**2 + 4*z - 6. Let k be v(-9). Suppose -3*n + h = -26, 2*n + 3*h - k = 8*h. Suppose 1598 = -5*g + n*g. Is g a prime number?
False
Let a = -2697 + 24876. Is a prime?
False
Let t be (0*4/12)/(-1)*1. Suppose -s + 16 = -t. Let q = s - -43. Is q prime?
True
Let r = 158554 + -48531. Is r prime?
True
Suppose -5*g - 24 = 3*g. Let v = -23 - g. Is (757*2/(-8))/(5/v) a prime number?
True
Suppose -z = -3*z + 5*o - 3, 2*z + 3*o = 37. Suppose -24*w = -z*w - 105859. Is w prime?
False
Let r(l) = -l**2 + 15*l + 86. Let i be r(17). Suppose -51*t - 53 = -i*t. Is t a composite number?
False
Let r = -353163 - -567114. Is r a composite number?
True
Suppose -4*m + 749345 = -t, 35*t = -3*m + 34*t + 562014. Is m a composite number?
False
Suppose -425*g + 865*g - 722279 = 423*g. Is g a prime number?
True
Suppose k = -5*q + 95 + 2529, 4*q - 24 = 0. Is k a composite number?
True
Let i(c) = -48*c**3 - 15*c**2 + 13. Let d be i(-13). Suppose -9*s + 35*s = d. Is s a prime number?
False
Is (692668284/63)/(-22)*((-1)/(-2) - 2) composite?
False
Suppose -23*g = -95 - 66. Let c(o) = o + 64. Is c(g) a prime number?
True
Let s = 19 - 8. Suppose s*n + 25832 = 15*n. Is n a prime number?
False
Suppose 0 = 649*v - 80547513 - 455290900. Is v a prime number?
True
Let z = -109971 - -274144. Is z composite?
False
Suppose s + 18490 = 3*z, 3*z - 24031 = 3*s - 5545. Suppose -19*p = z - 88947. Is p a composite number?
False
Let c(n) = 2*n**3 - 129*n**2 + 126*n + 417. Is c(68) a prime number?
False
Let i be -2 - -53*(0 + 2). Suppose 2*f = 5*o - 4761, 2953 = 3*o - 5*f + i. Is o a prime number?
True
Let m(u) = -162*u - 1462. Let p be m(-9). Let a = 1 - -3. Is -107*(a + -7 + p) a composite number?
True
Let v = 403 + 2960. Let s = v + -10540. Let g = 13032 + s. Is g a composite number?
True
Let b = 66 + -66. Is (-3 - 0) + 5 + 22145 - b a prime number?
True
Let y = -11130 + 17382. Suppose y = g + g - 5*z, 0 = -3*g + z + 9391. Is g prime?
False
Let c(l) = -6572*l - 36. Let v be c(17). Is (3 - 1)*v/(-160) a prime number?
False
Is ((-1990425)/(-75))/((-2)/(-10)) a composite number?
True
Is (330001/(-3) + 0)/((-931)/2793) composite?
True
Is (9 + -3)*54217/6 composite?
False
Let a be 5 - ((-42084)/8)/9*2. Let x = a + -233. Is x composite?
False
Let s(n) = 2274*n**2 - 2287*n - 7. Is s(-26) a prime number?
False
Let t = 69001 - 33114. Is t composite?
True
Let l(q) = q**3 + q**2 - q + 2. Let d be l(-2). Suppose 0 = 3*x + 6, d = o - 0*o - 2*x - 747. Is o composite?
False
Suppose -6*n + n - 117043 = 2*a, 2*a + 23415 = -n. Let f = -8900 - n. Is f prime?
False
Let t(j) be the first derivative of j**3/3 - 7*j**2 - 38*j + 24. Let g be t(16). Is (g/(-9))/((-2)/(-2517)) prime?
True
Let d be (-1)/(-6) + 51/18. Is -6 + (d - -11)*(-274)/(-4) a composite number?
False
Suppose -10*y + 377 = -503. Let j = -84 + y. Suppose j*d - m = 2078, 2*d - 672 = -4*m + 358. Is d a composite number?
True
Suppose -5*s + 104829 = 4*h, -4*h = 48*s - 52*s + 83892. Is s a composite number?
True
Suppose 2*i + 3*x - 63 = 0, -3*x = 4*i - i - 93. Suppose 93485 - 17975 = i*w. Is w a prime number?
False
Suppose b = 3*r + 59077, r = 2*b - 2*r - 118160. Suppose 5*q - 35183 - 254 = -3*j, 5*j + 3*q - b = 0. Is j composite?
True
Let u = 105543 + -67600. Is u prime?
False
Suppose 15*d + 1858 = -4247. Let u = 1449 + d. Is u a composite number?
True
Let j be -2 + (6 - 1) - -1. Suppose j*g - 4*f = 24, -2*g - 5*f + 0 = -12. Is g/(-21) + 66861/63 a prime number?
True
Suppose 2*x + 10 = 0, f - x = -3*x - 10. Suppose f = -32*t + 44256 + 64000. Is t prime?
False
Let h(o) = 6*o + 5. Suppose 5*j + f = 0, j + 4*j - 2*f = 0. Let r be h(j). Suppose -a = 3*u - 1816, -r*a - 5*u + 9030 = -0*u. Is a a prime number?
True
Let t(l) be the first derivative of 10 + 5/2*l**2 + 127*l. Is t(0) prime?
True
Let f(p) = -4*p - 17. Let l be f(-9). Let j = l - 6. Suppose 11*s = j*s - 1486. Is s a prime number?
True
Let l(q) = 5*q - 19. Let i be l(8). Let f be (i/6)/((-1)/(-2)). Suppose 12*c - f*c = 565. Is c prime?
True
Suppose 4*c + 45*c = 33*c + 7160144. Is c composite?
False
Suppose -20887 = -5*o + 1648. Let k = o + -1464. Is k composite?
True
Suppose 4*l + 5*t + 51 = l, -t = 3. Let v(k) = -102*k - 50. Let m be v(l). Let s = m - 533. Is s composite?
False
Let o = -128 + -322. Suppose -32*h = -33599 - 5590 - 2123. Let p = h + o. Is p composite?
True
Let l = 57 - 53. Suppose -52460 = -5*b - 5*y, 0 = 4*b - 5*b + l*y + 10482. Suppose -5*n - f = -0*n - b, f = -3*n + 6294. Is n composite?
True
Let i be 150/90 + (-55024)/(-12). Suppose -w = 3*g + g - 11085, -3*w = -15. Let z = i - g. Is z prime?
False
Let h be (-3 - 3/(-1))/(1 - 2). Suppose 5*l = -h*l - 2170. Let n = -243 - l. Is n prime?
True
Suppose -3*l + 4*t = -7*l + 12, 4*l = -t + 12. Suppose -5*i + f - 31 = -f, 29 = -4*i + l*f. Is i/(-4) - 32802/(-56) prime?
True
Let b = -13 - -16. Suppose b*p - 5279 = -3*a + a, -2*p = -6. Suppose 4*t - 3*g = t + 7881, 3*g = t - a. Is t composite?
True
Let c be 5479 + (-6)/(-18)*9. Is (c/5)/((-106)/(-265)) prime?
True
Suppose 0*i - 8 = -2*i. Suppose -v = 5*p + 18, 0 = 4*v - 5*p - 4 - 24. Suppose v*s + 121 = 3*s + i*c, 0 = 4*s + 5*c - 462. Is s a composite number?
False
Let j(k) = 12*k**2 - 24*k + 167. Let n be j(9). Suppose 3*d + 6 = 0, 5*v = -4*d + 7 + 10. Suppose 5*t - 4*b - n = 0, t + 3*t - 722 = -v*b. Is t composite?
True
Suppose -3060307 - 6040937 = -200*t - 148*t. Is t prime?
True
Let w(z) = 258*z**3 + 2*z**2 + 5*z + 13. Let u be w(-3). Is 2 + ((-3 - -4) + -6 - u) prime?
True
Let c = -236 - -230. Let g(a) = -19*a**3 + a**2 + 3*a - 17. Is g(c) composite?
True
Let h(a) = -11*a**3 - 5*a**2 + 7. Let x(k) = k**2 + k + 1. Let d be x(-2). Let v be (-3)/(d*(-5)/(-30)). Is h(v) a prime number?
True
Suppose 34*u + 6261429 - 62691875 = 0. Is u composite?
False
Suppose 6*m - 22621 = -5*c, 2*c + 145*m - 9050 = 143*m. Is c prime?
False
Let j(m) = -2*m**2 - 6*m + 10. Let b be j(-6). Let n = b + 28. Suppose 2*v + 2*v + n*r = 1826, 2*v - r - 915 = 0. Is v a composite number?
False
Suppose 3*s = -5*c + 101009, 5511 = -s + c + 39186. Is s composite?
True
Let x(o) = 5246*o + 281. Is x(7) a prime number?
True
Suppose -88176 + 319449 = 21*w. Let f = 5391 + -9767. Let u = f + w. Is u composite?
False
Let a be (-604)/(-36) + (-6)/(-27). Suppose -a*s = -19*s - 486. Let z = s - -640. Is z composite?
False
Let d = -243 - -248. Suppose 1114 = 2*r - d*t, -2785 = -7*r + 2*r - 5*t. Is r a composite number?
False
Let u(g) = 5*g + 20. Let q(i) = -10*i - 39. Let z(p) = -6*q(p) - 13*u(p). Let r be z(-6). Suppose 9 + 1 = -2*f, -336 = -r*a + 4*f. Is a a prime number?
True
Suppose 41*h + 13*h - 2338236 = 18*h. Is h composite?
False
Let t(d) = -49738*d + 531. Is t(-4) prime?
True
Let q(z) = 2*z**3 - z**2 + 1718. Let d be q(0). Let p = 987 + d. Is p prime?
False
Suppose 98560 = 5*f + 5*n, f - n - 19712 = -0*f. Suppose 54798 + f = 2*s. Is s prime?
False
Let a = -37 - -42. Suppose 4*f - 25 = a*z - 161, 0 = 3*f - 4*z + 101. Let w = f - -97. Is w a prime number?
False
Let n(y) = -4*y**3 + 9*y**2 - 61*y + 39. Is n(-17) a prime number?
False
Suppose 0 = a - c - 10736, 4*c = 5*c - 2. Let o = a + 573. Is o a composite number?
False
Suppose -2*w - 55367 = 5*o - 338208, 0 = -2*o + 6. Is w a composite number?
False
Let j(k) = 63*k**2 + 5*k + 15. Suppose 0 = 2*s + 6, -s - 4*s - 7 = -2*a. Is j(a) prime?
False
Suppose -64*y = -52*y + 21096. Let q = 391 - y. Is q a composite number?
True
Suppose -327970 = -5*r + 5*y, 5*y = 275 - 250. Is r a composite number?
False
Let w = -277 - -206. Let k = w - -1048. Is k composite?
False
Let p(u) = -1218*u**2 + 15*u - 12. Let t(h) = -406*h**2 + 5*h - 4. Let l(v) = -4*p(v) + 11*t(v). Is l(3) a composite number?
False
Let f = 7 + -20. Let u(t) = -t**2 - 15*t - 24. Let x be u(f). Suppose 5657 = 3*h - x*b - 0*b, 5*b = -5*h